-6*q = -q + 65. Let g = q + b. What is the units digit of g?
5
Let c = -7 - -25. Let g = 18 - c. Suppose g = 4*l - 358 + 90. What is the units digit of l?
7
Suppose 0 = 4*o - 9*o + 10, 3*o = 2*s - 18034. What is the thousands digit of s?
9
Let g(r) = -r**3 - 6*r**2 + 17*r + 17. Let i be (-7 - -6)/((-1)/(-3)). Let z be 82/(-10) - ((-84)/(-30) + i). What is the units digit of g(z)?
9
Let a(q) = -q**3 + 11*q**2 - 17*q - 49. Let j be a(9). Let i(o) = o**2 + 40*o + 117. What is the hundreds digit of i(j)?
1
Let z = 223 - -144. Suppose -z*h = -373*h + 8658. What is the units digit of h?
3
Suppose -2*d + 2439 = -3*c, -4*c - 1626 = -2*c + d. What is the units digit of (c/(-3))/(-3 + 30/9)?
3
Suppose -4*g - r = -3*g + 1908, -g = -r + 1900. What is the units digit of (-4 - -3)/(7/g)?
2
What is the hundreds digit of (546/28)/(9*(-2)/(-4596))?
9
Let o(a) = 17876*a**3 - a**2 - 97*a + 97. What is the hundreds digit of o(1)?
8
Let c be (-2 + (-2751)/(-7))/1. Let p = c + 12. What is the hundreds digit of p?
4
Let p(c) = -161*c - 10. Let b be p(-1). Suppose 2*u + 7*d - 2*d - 17 = 0, -21 = 4*u - d. What is the tens digit of (-2)/u + b/2?
7
Suppose -17*d - 20 = -22*d. Let o = 3 - -3. Suppose 2*k = -4*b + 4 + 26, o = -b + d*k. What is the units digit of b?
6
Let x(v) = v + 1. Let l(d) = -123*d**2 + 4*d + 2. Let n(k) = -l(k) + 3*x(k). Let h(q) = -2*q + 33. Let f be h(16). What is the hundreds digit of n(f)?
1
Let x(a) = 11*a**2 - 11*a + 94*a**2 - 17 - 44*a**2. What is the tens digit of x(-3)?
6
Suppose 7*a + 9 = 4*a. Suppose -5*d = h - 200, -5*h - 261 = -4*d - 1145. What is the units digit of (-4)/(8/h*a)?
0
Let a = 44 - 41. Suppose 0 = 5*m + 5*w + 35, -5*m + a*w = 4*w + 15. Let r(f) = -19*f + 4. What is the units digit of r(m)?
2
Let i be 1/(1 - 12/9). Let j(x) = -5*x**2 - 3*x - 6. Let b(u) = 11*u**2 + 6*u + 13. Let v(p) = i*b(p) - 7*j(p). What is the units digit of v(6)?
3
Let d = -51334 - -85751. What is the ten thousands digit of d?
3
Let q(z) = z**3 - 21*z**2 + 14*z + 122. What is the ten thousands digit of q(39)?
2
Let m = 877 + 3183. What is the units digit of m?
0
Let a be 220/76 - 6/(-57). Suppose -g - a*l + 39 = -305, 3*g - 1032 = l. What is the tens digit of g?
4
Let i = -24 + 26. Let d(q) = 40*q - 20*q - 19*q - i. What is the units digit of d(9)?
7
Suppose 707*l - 717*l - 40 = 0. Let q(u) be the first derivative of 8*u**3/3 - 17*u**2/2 - u + 1. What is the units digit of q(l)?
5
What is the hundreds digit of 90/(-12)*(-1046056)/220?
6
Suppose 0 = -0*g - g - 5. Let c = -1674 + 4404. What is the units digit of (-4)/g + c/150?
9
Let z = -28 + 91. Let p = 109 + z. What is the tens digit of p?
7
Let a(w) = -w**3 - 8*w**2 - 17*w - 12. Let t(f) be the second derivative of -f**3/6 - f**2/2 - 7*f. Let d be t(7). What is the tens digit of a(d)?
2
Let i be (-10)/4*8/(-10). Suppose -3*z - 135 = -4*c, -2*z + 125 = 4*c - 3*z. Suppose -i*a = 24 - c. What is the units digit of a?
3
Let w(r) = -135*r**3 - 9*r**2 - 39*r - 3. What is the hundreds digit of w(-5)?
8
Let z be -2 + (5 - (0 - -2)). Let y(x) = 38*x + 226. Let h be y(-5). Let r = h + z. What is the units digit of r?
7
Suppose -4*s = -3*s - 5, 0 = -2*v - 5*s - 117. Let u = 76 + v. Suppose -4*f + 4*q + 616 = 0, 0*q - u*q = 5*f - 760. What is the tens digit of f?
5
Suppose -163*y - 197920 = -243*y. What is the units digit of y?
4
Suppose -5*i - 3*k = -0*i + 12, 3*k = -4*i - 12. Let z be (-1 + i)*(-1 + 1). Suppose b + f - 29 = z, -4*b = 7*f - 2*f - 114. What is the tens digit of b?
3
Let c = 723 + -731. Let q(s) = -88*s - 254. What is the units digit of q(c)?
0
Let p = -57 + 65. Suppose 0 = -2*w + 4*r + 970, -5*r = -p*r. What is the tens digit of w?
8
Let v(x) = 24*x**2 + 4*x - 8. Suppose 132 = 3*h + h - 3*w, -3*h + 3*w + 102 = 0. Let b be (-1)/(-3) - (-50)/h. What is the tens digit of v(b)?
9
Suppose 0 = 3*f - k - 11 - 1, 2*k - 12 = -3*f. Suppose 540 = -f*j + 3440. What is the units digit of j?
5
Let p(a) = 4*a**2 - 121*a + 432. What is the units digit of p(73)?
5
Suppose -5*g + 4234 = -4*g - 1195. What is the thousands digit of g?
5
Suppose -y + 2*q + 2*q = 13, y - 3*q + 16 = 0. Let p = y - -28. What is the units digit of p?
3
Let n(l) = 6*l + 22. Let k(s) = 2*s**2 + 5*s + 24. Let t(a) = 2*k(a) - 3*n(a). What is the tens digit of t(13)?
5
Let s(m) = -3*m - 6. Let n be s(-5). Suppose 23 = n*i - 13. Suppose -i*q + 568 = -4*w + 16, 5*q - 702 = 2*w. What is the tens digit of q?
4
Suppose 9*h + 80 = 5*f + 4*h, f + 3*h - 32 = 0. Suppose 5*a - 18 - 67 = 0. Let z = f - a. What is the units digit of z?
3
Let y be (3 - -18 - -4) + 1 + -2. What is the tens digit of 8/(-6)*(-10044)/y?
5
Let m = -685 + 27023. What is the ten thousands digit of m?
2
Let p be ((-8)/6)/(18/(-81)). Suppose y = -p*y + 3171. What is the tens digit of y?
5
Let z(f) = -f - 24. Let t be z(-13). What is the tens digit of (t - -6) + 748 + 1?
4
Let w = -6 + 27. Suppose -518 - w = 11*h. Let g = 76 - h. What is the hundreds digit of g?
1
Suppose -3*n + 3*x = -6, 0 = 5*n - 3*n + 4*x - 4. Suppose -1608 = -2*z + 2*q, 6*z = 10*z - n*q - 3214. What is the units digit of z?
3
Suppose 6*a - 2*a + 21 = 3*z, 6 = -2*a. Suppose m - 3 = 0, -6*t = -2*t - z*m - 119. What is the units digit of (-9)/(-15)*(t - 2)?
8
Let k be -5 - (-3)/(-3) - (-509 + -8). Suppose -a - u - 66 = -326, -2*a = 5*u - k. What is the units digit of a?
3
What is the units digit of (3/(-6))/(1009/4044 - (-38)/(-152))?
1
Suppose -32 = -b + 4*h + 10, 5*b = 4*h + 130. Let k(f) = -b*f**2 + 23*f + 10 + 3*f**2 + 6 + 3*f**3 - 2*f**3. What is the units digit of k(18)?
6
Let s = -2918 + 9174. What is the hundreds digit of s?
2
Let a(b) = 8*b - 68. Let g be a(26). Let q be (-30)/(-4)*12/(-9). Let c = q + g. What is the hundreds digit of c?
1
Suppose 5*g - 5*p - 188885 = 0, 4*g - 243594 + 92481 = 5*p. What is the thousands digit of g?
7
Let r = -41175 + 118384. What is the ten thousands digit of r?
7
Suppose 361 = 4*q + 3*a, 0 = 5*q - 0*a + 4*a - 452. Let o be 90/4*q/33. Suppose 3*s - 84 = o. What is the units digit of s?
8
Let k = -781 - -3036. Let f = k - 1593. What is the hundreds digit of f?
6
Let d be (1/(-2))/((-4)/24). Suppose -2*v + 0*v = d*v. Suppose -16*y + 203 + 1445 = v. What is the units digit of y?
3
Let l = 331 - 334. What is the tens digit of (-2431)/l + 15/45*-1?
1
Let j(s) be the first derivative of 37 - 18*s + 33/2*s**2. What is the tens digit of j(7)?
1
What is the units digit of 7*(68 - -9 - 12)?
5
Let a(p) = 12*p + 8355. What is the hundreds digit of a(-67)?
5
Suppose 14*i - 170196 = 4*i + 7*i. What is the ten thousands digit of i?
5
Let a(b) = -3*b - 34. Let j(d) = 3*d + 35. Let g(k) = 5*a(k) + 4*j(k). Let s be g(-12). Suppose 396 = s*h - 12. What is the tens digit of h?
6
Let k = 11464 + -2837. What is the hundreds digit of k?
6
Let p(n) = -3*n - 11. Let r be p(-5). Suppose 33 - 13 = r*y. Suppose y*s - 5*i - 346 = 64, -5*s - 2*i = -417. What is the tens digit of s?
8
Let t(g) = -g**3 - 4*g**2 - 4*g. Let f be t(-3). Suppose -o + f = -n - 1, 0 = -2*n + 8. Suppose 4*m + 124 = o*m. What is the tens digit of m?
3
What is the hundreds digit of (-6 - 279)/(((-8)/(-12))/(-2) + 0)?
8
Let c(t) = 226*t**2 + 3*t - 3. Let o be c(2). Suppose -u + 4*k = -o + 322, 0 = -3*u - 2*k + 1769. What is the units digit of u?
9
Let x = 45671 + -24839. What is the thousands digit of x?
0
Suppose 4 + 0 = k. Suppose -5*a = -2*i - 16, -4*i + 4*a = a + k. Suppose 0*o = -i*o + 110. What is the tens digit of o?
5
Suppose -77041 = 21*v - 851941. What is the ten thousands digit of v?
3
Let g(r) = -76*r - 3. Suppose -5*t = 3*v + 82, v + t = 5 - 31. Let h = 23 + v. What is the units digit of g(h)?
3
Suppose 9 = u + 1. Suppose u*n - 19 - 125 = 0. Suppose 0 = -q + 4*s + n, -4*s - 9 = 4*q - 41. What is the tens digit of q?
1
Suppose o - 750 = -5*b, 3*o = -b + 6*o + 150. Suppose 0*u = -2*u - b. Let y = -32 - u. What is the tens digit of y?
4
Suppose 0 = 8*l + 669 + 315. Let o = l - -692. What is the units digit of o?
9
Let w(a) = -529*a - 1424. What is the units digit of w(-85)?
1
Suppose -517*p = -636*p + 3817520. What is the hundreds digit of p?
0
Let l(c) = -c**3 - 31*c**2 - c + 93. Let r be (-4)/(-6)*(-4)/((-72)/(-837)). What is the tens digit of l(r)?
2
Let y be (-372)/(-18) - ((-16)/12 - -2). What is the hundreds d